{"id":188,"date":"2020-12-19T10:51:33","date_gmt":"2020-12-19T10:51:33","guid":{"rendered":"http:\/\/sw-themes.com\/porto_dummy\/?page_id=188"},"modified":"2025-03-15T14:55:32","modified_gmt":"2025-03-15T14:55:32","slug":"hakkimizda","status":"publish","type":"page","link":"https:\/\/boranboru.com\/index.php\/hakkimizda\/","title":{"rendered":"Hakk\u0131m\u0131zda"},"content":{"rendered":"\t\t<div data-elementor-type=\"wp-page\" data-elementor-id=\"188\" class=\"elementor elementor-188\">\n\t\t\t\t\t\t<section class=\"elementor-section elementor-top-section elementor-element elementor-element-8439d52 pc-section-shape-background p-t-xxl p-b-xxl elementor-section-content-middle elementor-section-boxed elementor-section-height-default elementor-section-height-default\" data-id=\"8439d52\" data-element_type=\"section\" data-settings=\"{&quot;background_background&quot;:&quot;classic&quot;}\">\r\n\t\t\r\n\t\t\t\t\t\t\t<div class=\"elementor-container elementor-column-gap-default\">\r\n\t\t\t\t\t\t\t\t\t\t\t<div class=\"elementor-column elementor-col-50 elementor-top-column elementor-element elementor-element-cecb7f2 z-index-2 pe-lg-4 my-lg-4\" data-id=\"cecb7f2\" data-element_type=\"column\">\r\n\t\t\t\t\t<div class=\"elementor-widget-wrap elementor-element-populated\">\r\n\t\t\t\t\t\t\t\t<div class=\"elementor-element elementor-element-ab92529 mb-0 box-shadow-3 elementor-invisible elementor-widget elementor-widget-image\" data-id=\"ab92529\" data-element_type=\"widget\" data-settings=\"{&quot;_animation&quot;:&quot;fadeInLeft&quot;,&quot;_animation_delay&quot;:200}\" data-widget_type=\"image.default\">\n\t\t\t\t<div class=\"elementor-widget-container\">\n\t\t\t\t\t\t\t\t\t\t\t\t\t\t\t<img fetchpriority=\"high\" decoding=\"async\" width=\"1000\" height=\"1000\" src=\"https:\/\/boranboru.com\/wp-content\/uploads\/2025\/03\/boran1.jpg\" class=\"attachment-full size-full wp-image-1950\" alt=\"\" srcset=\"https:\/\/boranboru.com\/wp-content\/uploads\/2025\/03\/boran1.jpg 1000w, https:\/\/boranboru.com\/wp-content\/uploads\/2025\/03\/boran1-768x768.jpg 768w, https:\/\/boranboru.com\/wp-content\/uploads\/2025\/03\/boran1-640x640.jpg 640w, https:\/\/boranboru.com\/wp-content\/uploads\/2025\/03\/boran1-400x400.jpg 400w, https:\/\/boranboru.com\/wp-content\/uploads\/2025\/03\/boran1-560x560.jpg 560w, https:\/\/boranboru.com\/wp-content\/uploads\/2025\/03\/boran1-367x367.jpg 367w, https:\/\/boranboru.com\/wp-content\/uploads\/2025\/03\/boran1-600x600.jpg 600w\" sizes=\"(max-width: 1000px) 100vw, 1000px\" \/>\t\t\t\t\t\t\t\t\t\t\t\t\t\t\t<\/div>\n\t\t\t\t<\/div>\n\t\t\t\t\t<\/div>\r\n\t\t\t\t<\/div>\r\n\t\t\t\t<div class=\"elementor-column elementor-col-50 elementor-top-column elementor-element elementor-element-6896157 z-index-2  my-lg-4 elementor-invisible\" data-id=\"6896157\" data-element_type=\"column\" data-settings=\"{&quot;animation&quot;:&quot;fadeInLeft&quot;,&quot;animation_delay&quot;:500}\">\r\n\t\t\t\t\t<div class=\"elementor-widget-wrap elementor-element-populated\">\r\n\t\t\t\t\t\t\t\t<div class=\"elementor-element elementor-element-80efb34 py-2 mb-0 elementor-widget elementor-widget-heading\" data-id=\"80efb34\" data-element_type=\"widget\" data-widget_type=\"heading.default\">\n\t\t\t\t<div class=\"elementor-widget-container\">\n\t\t\t\t\t<h3 class=\"elementor-heading-title elementor-size-default\">HAKKIMIZDA<\/h3>\t\t\t\t<\/div>\n\t\t\t\t<\/div>\n\t\t\t\t<div class=\"elementor-element elementor-element-f867c3e mb-3 elementor-widget elementor-widget-heading\" data-id=\"f867c3e\" data-element_type=\"widget\" data-widget_type=\"heading.default\">\n\t\t\t\t<div class=\"elementor-widget-container\">\n\t\t\t\t\t<h2 class=\"elementor-heading-title elementor-size-default\">Boran Boru Kimdir?<\/h2>\t\t\t\t<\/div>\n\t\t\t\t<\/div>\n\t\t\t\t<div class=\"elementor-element elementor-element-e61e8c9 elementor-widget elementor-widget-heading\" data-id=\"e61e8c9\" data-element_type=\"widget\" data-widget_type=\"heading.default\">\n\t\t\t\t<div class=\"elementor-widget-container\">\n\t\t\t\t\t<p class=\"elementor-heading-title elementor-size-default\">Boran Boru Profil A.\u015e: 2006 y\u0131l\u0131nda Ankara,da R\u00fczgarl\u0131 sokakta Borusan Mannesmann bayili\u011fi \u00e7at\u0131s\u0131 alt\u0131nda kurulmu\u015f olup yurti\u00e7inde ihtiya\u00e7 duyulan\u00a0kaliteli, tecr\u00fcbeli ve g\u00fcvenilir tedarik\u00e7i eksikli\u011fini g\u00f6r\u00fcp, bu ihtiyaca y\u00f6nelik hizmet vermek \u00fczere faaliyetlerine ba\u015flam\u0131\u015ft\u0131r.<\/p>\t\t\t\t<\/div>\n\t\t\t\t<\/div>\n\t\t\t\t<div class=\"elementor-element elementor-element-0087df5 elementor-widget elementor-widget-heading\" data-id=\"0087df5\" data-element_type=\"widget\" data-widget_type=\"heading.default\">\n\t\t\t\t<div class=\"elementor-widget-container\">\n\t\t\t\t\t<p class=\"elementor-heading-title elementor-size-default\">\u00c7\u00f6z\u00fcm ortaklar\u0131ndan ald\u0131\u011f\u0131 olumlu geri bildirimlerden g\u00fc\u00e7 alarak, b\u00fcy\u00fcme hedefleri do\u011frultusunda, depo ve \u00fcr\u00fcn \u00e7e\u015fitlili\u011fini artt\u0131rarak Ostim sanayi sitesine ta\u015f\u0131nmas\u0131 ile, \u00c7ay\u0131rova Boru A.\u015e. nin bayili\u011fini alarak faaliyetine devam etmi\u015ftir.<\/p>\t\t\t\t<\/div>\n\t\t\t\t<\/div>\n\t\t\t\t<div class=\"elementor-element elementor-element-ddf391b elementor-widget elementor-widget-heading\" data-id=\"ddf391b\" data-element_type=\"widget\" data-widget_type=\"heading.default\">\n\t\t\t\t<div class=\"elementor-widget-container\">\n\t\t\t\t\t<p class=\"elementor-heading-title elementor-size-default\">Boran Boru Profil, s\u00fcrekli olarak de\u011fi\u015fen ve geli\u015fen m\u00fc\u015fteri taleplerine y\u00f6nelik mekanik tesisat firmalar\u0131na ve \u00e7elik \u00fcreticilerine y\u00f6n vererek, uzman\u0131 oldu\u011fu \u00fcr\u00fcn gruplar\u0131nda i\u015f ortakl\u0131klar\u0131na devam etmek amac\u0131yla Ankara\u2019 n\u0131n Kahramankazan il\u00e7esi Saray mahallesinde 2000 m2 kapal\u0131 alan deposu ile faaliyetine devam etmektedir.<\/p>\t\t\t\t<\/div>\n\t\t\t\t<\/div>\n\t\t\t\t\t<\/div>\r\n\t\t\t\t<\/div>\r\n\t\t\t\t\t<\/div>\r\n\t\t\t\t<\/section>\r\n\t\t\t\t<section class=\"elementor-section elementor-top-section elementor-element elementor-element-f773bde pc-section-shape-background shape-reverse p-t-xxl p-b-xxl elementor-section-content-middle elementor-section-boxed elementor-section-height-default elementor-section-height-default\" data-id=\"f773bde\" data-element_type=\"section\" data-settings=\"{&quot;background_background&quot;:&quot;classic&quot;}\">\r\n\t\t\r\n\t\t\t\t\t\t\t<div class=\"elementor-container elementor-column-gap-default\">\r\n\t\t\t\t\t\t\t\t\t\t\t<div class=\"elementor-column elementor-col-50 elementor-top-column elementor-element elementor-element-ac30027 z-index-2 ps-lg-4 my-lg-4 order-lg-2\" data-id=\"ac30027\" data-element_type=\"column\">\r\n\t\t\t\t\t<div class=\"elementor-widget-wrap elementor-element-populated\">\r\n\t\t\t\t\t\t\t\t<div class=\"elementor-element elementor-element-97dfc99 mb-0 box-shadow-3 elementor-invisible elementor-widget elementor-widget-image\" data-id=\"97dfc99\" data-element_type=\"widget\" data-settings=\"{&quot;_animation&quot;:&quot;fadeInRight&quot;,&quot;_animation_delay&quot;:500}\" data-widget_type=\"image.default\">\n\t\t\t\t<div class=\"elementor-widget-container\">\n\t\t\t\t\t\t\t\t\t\t\t\t\t\t\t<img decoding=\"async\" width=\"524\" height=\"464\" src=\"https:\/\/boranboru.com\/wp-content\/uploads\/2020\/12\/industry-generic-1.jpg\" class=\"attachment-full size-full wp-image-102\" alt=\"\" srcset=\"https:\/\/boranboru.com\/wp-content\/uploads\/2020\/12\/industry-generic-1.jpg 524w, https:\/\/boranboru.com\/wp-content\/uploads\/2020\/12\/industry-generic-1-400x354.jpg 400w, https:\/\/boranboru.com\/wp-content\/uploads\/2020\/12\/industry-generic-1-367x325.jpg 367w\" sizes=\"(max-width: 524px) 100vw, 524px\" \/>\t\t\t\t\t\t\t\t\t\t\t\t\t\t\t<\/div>\n\t\t\t\t<\/div>\n\t\t\t\t\t<\/div>\r\n\t\t\t\t<\/div>\r\n\t\t\t\t<div class=\"elementor-column elementor-col-50 elementor-top-column elementor-element elementor-element-da16fdc z-index-2  my-lg-4 elementor-invisible\" data-id=\"da16fdc\" data-element_type=\"column\" data-settings=\"{&quot;animation&quot;:&quot;fadeInRight&quot;,&quot;animation_delay&quot;:200}\">\r\n\t\t\t\t\t<div class=\"elementor-widget-wrap elementor-element-populated\">\r\n\t\t\t\t\t\t\t\t<div class=\"elementor-element elementor-element-f6a5df7 py-2 mb-0 elementor-widget elementor-widget-heading\" data-id=\"f6a5df7\" data-element_type=\"widget\" data-widget_type=\"heading.default\">\n\t\t\t\t<div class=\"elementor-widget-container\">\n\t\t\t\t\t<h3 class=\"elementor-heading-title elementor-size-default\">HAKKIMIZDA<\/h3>\t\t\t\t<\/div>\n\t\t\t\t<\/div>\n\t\t\t\t<div class=\"elementor-element elementor-element-96fb1d7 mb-3 elementor-widget elementor-widget-heading\" data-id=\"96fb1d7\" data-element_type=\"widget\" data-widget_type=\"heading.default\">\n\t\t\t\t<div class=\"elementor-widget-container\">\n\t\t\t\t\t<h2 class=\"elementor-heading-title elementor-size-default\">Misyonumuz <\/h2>\t\t\t\t<\/div>\n\t\t\t\t<\/div>\n\t\t\t\t<div class=\"elementor-element elementor-element-4aa71aa elementor-widget elementor-widget-heading\" data-id=\"4aa71aa\" data-element_type=\"widget\" data-widget_type=\"heading.default\">\n\t\t\t\t<div class=\"elementor-widget-container\">\n\t\t\t\t\t<p class=\"elementor-heading-title elementor-size-default\">Boran Boru Profil A.\u015e. olarak, m\u00fc\u015fteri memnuniyetini en \u00f6n planda tutarak, sekt\u00f6rde en iyi kalite-fiyat oran\u0131n\u0131 sa\u011flamay\u0131 hedefliyoruz. Geni\u015f \u00fcr\u00fcn yelpazemizle in\u015faat, sanayi ve makine imalat sekt\u00f6rlerindeki m\u00fc\u015fterilerimize y\u00fcksek standartlarda, dayan\u0131kl\u0131 ve g\u00fcvenilir \u00e7\u00f6z\u00fcmler sunuyoruz. S\u00fcrekli yenilenen teknolojimiz ve profesyonel ekibimizle, sekt\u00f6r\u00fcn ihtiya\u00e7lar\u0131n\u0131 en iyi \u015fekilde analiz ederek, beklentileri en \u00fcst d\u00fczeyde kar\u015f\u0131lamak i\u00e7in \u00e7al\u0131\u015f\u0131yoruz. Kaliteyi, g\u00fcveni ve ekonomik \u00e7\u00f6z\u00fcmleri bir araya getirerek uzun vadeli i\u015f ortakl\u0131klar\u0131 olu\u015fturmay\u0131 ama\u00e7l\u0131yoruz.<\/p>\t\t\t\t<\/div>\n\t\t\t\t<\/div>\n\t\t\t\t\t<\/div>\r\n\t\t\t\t<\/div>\r\n\t\t\t\t\t<\/div>\r\n\t\t\t\t<\/section>\r\n\t\t\t\t<section class=\"elementor-section elementor-top-section elementor-element elementor-element-4488200 elementor-section-content-middle overlay-primary elementor-section-boxed elementor-section-height-default elementor-section-height-default\" data-id=\"4488200\" data-element_type=\"section\" data-settings=\"{&quot;background_background&quot;:&quot;classic&quot;}\">\r\n\t\t\t\t\t\t<div class=\"elementor-background-overlay\"><\/div>\r\n\t\t\t\r\n\t\t\t\t\t\t\t<div class=\"elementor-container elementor-column-gap-default\">\r\n\t\t\t\t\t\t\t\t\t\t\t<div class=\"elementor-column elementor-col-50 elementor-top-column elementor-element elementor-element-acbcaf3\" data-id=\"acbcaf3\" data-element_type=\"column\">\r\n\t\t\t\t\t<div class=\"elementor-widget-wrap elementor-element-populated\">\r\n\t\t\t\t\t\t\t\t<div class=\"elementor-element elementor-element-1779f7d elementor-widget elementor-widget-heading\" data-id=\"1779f7d\" data-element_type=\"widget\" data-widget_type=\"heading.default\">\n\t\t\t\t<div class=\"elementor-widget-container\">\n\t\t\t\t\t<h2 class=\"elementor-heading-title elementor-size-default\">Projenize \u00d6zel \u00c7\u00f6z\u00fcmler i\u00e7in Bizimle \u0130leti\u015fime Ge\u00e7in!<\/h2>\t\t\t\t<\/div>\n\t\t\t\t<\/div>\n\t\t\t\t\t<\/div>\r\n\t\t\t\t<\/div>\r\n\t\t\t\t<div class=\"elementor-column elementor-col-50 elementor-top-column elementor-element elementor-element-70657b0\" data-id=\"70657b0\" data-element_type=\"column\">\r\n\t\t\t\t\t<div class=\"elementor-widget-wrap elementor-element-populated\">\r\n\t\t\t\t\t\t\t\t<div class=\"elementor-element elementor-element-de27f5e btn-triangle text-lg-end elementor-widget elementor-widget-porto_button\" data-id=\"de27f5e\" data-element_type=\"widget\" data-widget_type=\"porto_button.default\">\n\t\t\t\t<div class=\"elementor-widget-container\">\n\t\t\t\t\t<a aria-label=\"button\" class=\"btn btn-lg btn-light btn-modern\" href=\"https:\/\/boranboru.com\/iletisim\"><span >\u0130leti\u015fim<\/span><\/a>\t\t\t\t<\/div>\n\t\t\t\t<\/div>\n\t\t\t\t\t<\/div>\r\n\t\t\t\t<\/div>\r\n\t\t\t\t\t<\/div>\r\n\t\t\t\t<\/section>\r\n\t\t\t\t<section class=\"elementor-section elementor-top-section elementor-element elementor-element-79276e9 py-3 my-5 elementor-section-boxed elementor-section-height-default elementor-section-height-default\" data-id=\"79276e9\" data-element_type=\"section\">\r\n\t\t\r\n\t\t\t\t\t\t\t<div class=\"elementor-container elementor-column-gap-default\">\r\n\t\t\t\t\t\t\t\t\t\t\t<div class=\"elementor-column elementor-col-50 elementor-top-column elementor-element elementor-element-71c5c94\" data-id=\"71c5c94\" data-element_type=\"column\">\r\n\t\t\t\t\t<div class=\"elementor-widget-wrap elementor-element-populated\">\r\n\t\t\t\t\t\t\t\t<div class=\"elementor-element elementor-element-4e9db5f mb-1 elementor-invisible elementor-widget elementor-widget-heading\" data-id=\"4e9db5f\" data-element_type=\"widget\" data-settings=\"{&quot;_animation&quot;:&quot;fadeInUp&quot;,&quot;_animation_delay&quot;:200}\" data-widget_type=\"heading.default\">\n\t\t\t\t<div class=\"elementor-widget-container\">\n\t\t\t\t\t<h2 class=\"elementor-heading-title elementor-size-default\">Boran Boru Profil<\/h2>\t\t\t\t<\/div>\n\t\t\t\t<\/div>\n\t\t\t\t<div class=\"elementor-element elementor-element-1e891e4 mb-3 elementor-invisible elementor-widget elementor-widget-heading\" data-id=\"1e891e4\" data-element_type=\"widget\" data-settings=\"{&quot;_animation&quot;:&quot;fadeInUp&quot;,&quot;_animation_delay&quot;:400}\" data-widget_type=\"heading.default\">\n\t\t\t\t<div class=\"elementor-widget-container\">\n\t\t\t\t\t<h3 class=\"elementor-heading-title elementor-size-default\">\u201cDayan\u0131kl\u0131 Borular, G\u00fc\u00e7l\u00fc Yap\u0131lar!\u201d<\/h3>\t\t\t\t<\/div>\n\t\t\t\t<\/div>\n\t\t\t\t<div class=\"elementor-element elementor-element-1612993 pt-lg-3 mb-2 elementor-invisible elementor-widget elementor-widget-text-editor\" data-id=\"1612993\" data-element_type=\"widget\" data-settings=\"{&quot;_animation&quot;:&quot;fadeInUp&quot;,&quot;_animation_delay&quot;:450}\" data-widget_type=\"text-editor.default\">\n\t\t\t\t<div class=\"elementor-widget-container\">\n\t\t\t\t\t\t\t\t\tBoran Boru Profil A.\u015e: 2006 y\u0131l\u0131nda Ankara,da R\u00fczgarl\u0131 sokakta Borusan Mannesmann bayili\u011fi \u00e7at\u0131s\u0131 alt\u0131nda kurulmu\u015f olup yurti\u00e7inde ihtiya\u00e7 duyulan\u00a0kaliteli, tecr\u00fcbeli ve g\u00fcvenilir tedarik\u00e7i eksikli\u011fini g\u00f6r\u00fcp, bu ihtiyaca y\u00f6nelik hizmet vermek \u00fczere faaliyetlerine ba\u015flam\u0131\u015ft\u0131r.\t\t\t\t\t\t\t\t<\/div>\n\t\t\t\t<\/div>\n\t\t\t\t\t<\/div>\r\n\t\t\t\t<\/div>\r\n\t\t\t\t<div class=\"elementor-column elementor-col-50 elementor-top-column elementor-element elementor-element-24871fb\" data-id=\"24871fb\" data-element_type=\"column\">\r\n\t\t\t\t\t<div class=\"elementor-widget-wrap elementor-element-populated\">\r\n\t\t\t\t\t\t\t\t<div class=\"elementor-element elementor-element-5777a4a pt-lg-3 mb-2 elementor-invisible elementor-widget elementor-widget-text-editor\" data-id=\"5777a4a\" data-element_type=\"widget\" data-settings=\"{&quot;_animation&quot;:&quot;fadeInUp&quot;,&quot;_animation_delay&quot;:450}\" data-widget_type=\"text-editor.default\">\n\t\t\t\t<div class=\"elementor-widget-container\">\n\t\t\t\t\t\t\t\t\t<p>\u00c7\u00f6z\u00fcm ortaklar\u0131ndan ald\u0131\u011f\u0131 olumlu geri bildirimlerden g\u00fc\u00e7 alarak, b\u00fcy\u00fcme hedefleri do\u011frultusunda, depo ve \u00fcr\u00fcn \u00e7e\u015fitlili\u011fini artt\u0131rarak Ostim sanayi sitesine ta\u015f\u0131nmas\u0131 ile, \u00c7ay\u0131rova Boru A.\u015e. nin bayili\u011fini alarak faaliyetine devam etmi\u015ftir.<br \/><br \/><\/p>\t\t\t\t\t\t\t\t<\/div>\n\t\t\t\t<\/div>\n\t\t\t\t\t<\/div>\r\n\t\t\t\t<\/div>\r\n\t\t\t\t\t<\/div>\r\n\t\t\t\t<\/section>\r\n\t\t\t\t<\/div>\n\t\t","protected":false},"excerpt":{"rendered":"<p>HAKKIMIZDA Boran Boru Kimdir? Boran Boru Profil A.\u015e: 2006 y\u0131l\u0131nda Ankara,da R\u00fczgarl\u0131 sokakta Borusan Mannesmann bayili\u011fi \u00e7at\u0131s\u0131 alt\u0131nda kurulmu\u015f olup yurti\u00e7inde ihtiya\u00e7 duyulan\u00a0kaliteli, tecr\u00fcbeli ve g\u00fcvenilir tedarik\u00e7i eksikli\u011fini g\u00f6r\u00fcp, bu ihtiyaca y\u00f6nelik hizmet vermek \u00fczere faaliyetlerine ba\u015flam\u0131\u015ft\u0131r. \u00c7\u00f6z\u00fcm ortaklar\u0131ndan ald\u0131\u011f\u0131 olumlu geri bildirimlerden g\u00fc\u00e7 alarak, b\u00fcy\u00fcme hedefleri do\u011frultusunda, depo ve \u00fcr\u00fcn \u00e7e\u015fitlili\u011fini artt\u0131rarak Ostim sanayi [&hellip;]<\/p>\n","protected":false},"author":1,"featured_media":0,"parent":0,"menu_order":0,"comment_status":"closed","ping_status":"closed","template":"","meta":{"_acf_changed":false,"content-type":"","footnotes":""},"class_list":["post-188","page","type-page","status-publish","hentry"],"acf":[],"_links":{"self":[{"href":"https:\/\/boranboru.com\/index.php\/wp-json\/wp\/v2\/pages\/188","targetHints":{"allow":["GET"]}}],"collection":[{"href":"https:\/\/boranboru.com\/index.php\/wp-json\/wp\/v2\/pages"}],"about":[{"href":"https:\/\/boranboru.com\/index.php\/wp-json\/wp\/v2\/types\/page"}],"author":[{"embeddable":true,"href":"https:\/\/boranboru.com\/index.php\/wp-json\/wp\/v2\/users\/1"}],"replies":[{"embeddable":true,"href":"https:\/\/boranboru.com\/index.php\/wp-json\/wp\/v2\/comments?post=188"}],"version-history":[{"count":10,"href":"https:\/\/boranboru.com\/index.php\/wp-json\/wp\/v2\/pages\/188\/revisions"}],"predecessor-version":[{"id":2093,"href":"https:\/\/boranboru.com\/index.php\/wp-json\/wp\/v2\/pages\/188\/revisions\/2093"}],"wp:attachment":[{"href":"https:\/\/boranboru.com\/index.php\/wp-json\/wp\/v2\/media?parent=188"}],"curies":[{"name":"wp","href":"https:\/\/api.w.org\/{rel}","templated":true}]}}